 -95*g**2 - 50*g**2 - 17 - 10*g + 144*g**2. Give p(-6).
7
Let q(n) = 3*n + 38. Suppose 0 = c + 3*k - 0*k + 23, 5*k + 1 = 3*c. Let o be q(c). Let m be ((-4)/o)/(7/(-49))*-2. Let d(h) = 2*h - 1. What is d(m)?
-9
Let c(j) be the second derivative of 35*j**3/6 - j**2/2 + 71*j. Let k(q) = 2*q. Let a(v) = c(v) - 6*k(v). Give a(1).
22
Let b(j) = -20088*j**3 - 5*j**2 + 2*j + 20089*j**3 + 4*j**2 + 10*j + 7*j**2. Calculate b(-2).
-8
Let t be (0/((-10)/2))/(1 - -1). Let w(q) = t*q + 1 - q + 2*q - 3*q**2 + q. Give w(2).
-7
Let n(g) = -3*g**2 - 9*g + 1. Suppose 8 = -f - 3. Let c(u) = -16*u**2 - 45*u + 5. Let a(m) = f*n(m) + 2*c(m). Let o be (-44)/242 - (-64)/(-11). Determine a(o).
-19
Suppose 6*o + 58 = 184. Let r be 24/(-10) - 4*o/140. Let f(a) = a**3 + 2*a + 3. Calculate f(r).
-30
Let x be (3/6)/((-3)/(-18)). Let f(z) = -4*z - 11. Let h be f(-3). Let b be (-4)/(-6) + h/x. Let q(d) = 8*d**3 + 2*d**2 - 1. Give q(b).
9
Let n(g) = -g**3 + 5*g**2 + 6*g - 22. Let a be 4 - (363/(-429) + -2*1/13). Calculate n(a).
8
Let m(r) = 2*r**2 + 22*r + 5. Let s(j) = 3*j**2 + 33*j + 7. Let l(n) = 8*m(n) - 5*s(n). Suppose 4 = -2*d - 10*k + 6*k, -14 = 3*d + 4*k. Give l(d).
-5
Suppose 0 = 82*q - 1087 + 267. Let p(j) = -2*j**3 - 2*j**2 + 2*j. Let h be p(-2). Suppose v - w + q = 3*v, 5*v - h*w = 25. Let f(k) = k**2 - 4*k - 2. Give f(v).
3
Let w(i) = -197*i - 14. Let s be w(-2). Let t = s + -374. Let g(r) = -r**3 + 5*r**2 + 6*r - 1. Give g(t).
-1
Suppose 0 = -4*b + 4*m - 48, -6*b + 5*b - 4*m - 37 = 0. Let q(o) = -6*o - 3*o - 5 + o**3 - 9 + 25*o + 18*o**2. Calculate q(b).
3
Let q(t) = t**2 - 7*t + 6. Let f be (14/(-4))/((-3)/24). Let p(d) = -f + 10 + 6 + 4*d + 3. Let o be p(4). What is q(o)?
6
Let b be ((-8)/12)/(4/(-30)). Suppose -b*s + 8 = -m, 0*m + 5*s - 16 = -3*m. Let u(v) = 9*v**3 + 4*v**m - 1 + 2 - 2*v**2 - 8*v**3. Determine u(-2).
1
Suppose a + 4*p + 2 + 21 = 0, 4*a - 5*p = -8. Let b(s) be the third derivative of -s**6/120 - 2*s**5/15 - s**4/3 - s**3/2 + 20*s**2 + 96*s - 1. What is b(a)?
4
Let k(n) = n - 11. Suppose 0 = 5*c + 2*x + 28 + 3, -3*x - 22 = 4*c. Let l be 0*(1 + c + 5). Determine k(l).
-11
Let f(a) = a**2. Let i(u) = -3*u**2 - 2*u. Let x(k) = 2*f(k) + i(k). Let w(b) = b**2 - 2*b + 3. Let d be w(1). Calculate x(d).
-8
Suppose 0 = -2*u - 2*v + v - 8, 3*u = 3*v - 12. Let z(j) be the first derivative of -2*j**3/3 + 2*j**2 + 3*j - 842. Give z(u).
-45
Let s(t) = -4*t + 17. Let f = 1774 - 1772. What is s(f)?
9
Let r(g) = -g**2 + 140*g - 802. Let i be r(6). Let l(d) = 10*d**2 - 4*d + 12. Calculate l(i).
44
Let f = -131 - -136. Let m(u) = -10*u + 3. Let h(w) be the third derivative of 7*w**4/24 - w**3/3 + w**2. Let l(s) = -7*h(s) - 5*m(s). Calculate l(f).
4
Let c(k) = -6*k - 7. Let i(t) = -t + 1. Let v(x) = -c(x) + 5*i(x). Let f = 21 + -33. Let p(y) = 2*y**3 + 22*y**2 - 23*y + 12. Let h be p(f). Give v(h).
12
Let r(m) = m**3 - 2*m**2 + m + 1. Let t be -2 - 204/(-33) - 12/66. Suppose 2*z + z - 40 = -2*l, -z = t*l - 90. Let k = -20 + l. Calculate r(k).
13
Suppose 14*j - 54 = 240. Let x(n) = -22 + 11 - 4*n + j + n + 6. Calculate x(8).
-8
Let a(k) = -k**2 - 2*k + 5. Let p = 4301 + -4299. Determine a(p).
-3
Let s(c) = 2*c**3 + c**2 + c - 2. Let m(v) = -246*v**2 - v + 1. Let q be m(1). Let y = q - -248. What is s(y)?
20
Suppose -3*k - 3*o = -6*k - 15, -5*k - 5*o - 15 = 0. Let l = k - -6. Let a(n) = 6 + n**2 + 0*n - 2*n + l*n - 4*n. Calculate a(4).
6
Let s(t) = -t + 37. Suppose 76 = -8*n - 77 + 193. Calculate s(n).
32
Let a be 106/12 + 73/438. Let k(h) = -h**3 + 9*h**2 + 7*h - 26. Determine k(a).
37
Let b be (-3*(-16)/12)/((-26)/(-221)). Let s be 2/(-10) - 7/(35/b). Let m(h) be the first derivative of -h**3/3 - 7*h**2/2 + 10*h - 2. What is m(s)?
10
Let h(n) be the third derivative of -n**4/12 - 7*n**3/6 - 2*n**2. Let w(f) = 7*f + 0 + 6 - 11. Let l be w(0). What is h(l)?
3
Let t = -19 - -34. Suppose 3*q - 9 = t. Suppose 4*c = q*c + 20. Let m(o) = o**3 + 4*o**2 - 5*o. What is m(c)?
0
Suppose -5*d + 96 = 13*m, 25*m - 21*m - 28 = 0. Let n(r) = 59*r**3 - 1. Give n(d).
58
Let d(r) = 3*r - 46. Suppose 0 = -l - 2, 7*q - 12*q - 5*l + 60 = 0. Calculate d(q).
-4
Let m(f) = -f**2 - 2*f - 3. Suppose -9*g + 6*g = -4*u - 157, 226 = 4*g + 3*u. Let w = g + -38. Suppose -5*x + 3*b - 21 = 0, 5*x - 3*b + w = -2*b. Give m(x).
-6
Let d(l) = -l**3 - 141*l**2 + 46*l**2 + 47*l**2 + 50*l**2 - 4*l. Give d(2).
-8
Let a(w) be the first derivative of -w**2/2 - 28*w - 755. What is a(-13)?
-15
Let o(p) be the first derivative of -p**5/20 - p**4/3 - p**3/6 + p**2 - 36*p - 39. Let z(a) be the first derivative of o(a). What is z(-3)?
-4
Let l(t) = -5*t - 17. Let n be l(9). Let u = n - -65. Let j(b) = -9*b**2 - 2*b**2 - u*b**2 + 10*b**2 - 3*b. Calculate j(-2).
-10
Let i(o) = o**2 + 21*o + 35. Suppose 317*v - d = 320*v + 28, -4*v = -5*d + 12. Calculate i(v).
-69
Let i(p) be the second derivative of p**5/20 + 2*p**4/3 - 13*p**3/3 - 169*p**2/2 + 3*p + 76. Calculate i(-9).
-16
Let x(y) be the third derivative of -y**4/24 + 2*y**3 - 8*y**2. Let j(o) = -4*o**2 - 3*o**2 - 3 + 5*o**2 + o**2 - 7*o. Let k be j(-4). Give x(k).
3
Suppose 2*b + 2*n = 38, 5*n + 20 = 4*b - 20. Let y(z) = z + b - 9*z + z**2 + 0*z**2 - 11. Calculate y(3).
-11
Let a(r) = 19*r + 22. Suppose -5 = -5*x - 5*d, 9 = -7*x + 4*x + 3*d. Determine a(x).
3
Let z be 618/(-515)*5/(-3). Let k(m) be the first derivative of -2*m**3/3 + m**2 - 8*m + 3. Let l(n) = 2*n**2 - 2*n + 7. Let f(g) = 4*k(g) + 5*l(g). Give f(z).
7
Let v(p) = -p + 1. Suppose -4*w = -a + 50, -15*a + 19*a = w + 275. Let h be 8/24 - a/(-15). Calculate v(h).
-4
Let d(b) = -16*b + 959. Let c(w) = 2*w**2 + 145*w + 132. Let s be c(-72). Determine d(s).
-1
Let r be 566/(-2547) - 2/(-9). Let j(o) = -o**2 + 10*o - 35. What is j(r)?
-35
Let p(f) = -3*f - 2. Let a be p(-2). Suppose -4*r - r = 5*m - 280, 0 = -m - 5*r + 72. Let h(x) = -110 + 3*x + m + 52. Give h(a).
6
Let c be ((-9)/2 + 3)*24/9. Let s be (-3 - -1)/(2/(0 + c)). Let k be (-2)/(2 - -3 - s). Let q(m) = -2*m**2 - m. Give q(k).
-6
Let z(m) = -5*m**2 + 2*m - 1. Let q be z(1). Let t(r) = -11*r**2 + 58*r - 9. Let d(s) = -10*s**2 + 53*s - 8. Let w(c) = -12*d(c) + 11*t(c). What is w(q)?
-27
Let w(g) = 10*g**3 + 9*g**2 + 47*g + 1. Let v(u) = -u**3 - 7*u. Let a(h) = 9*v(h) + w(h). Calculate a(-11).
-65
Suppose 0 = -3*i + 20 - 11. Let a(g) = -23 + 26 + i*g + 2*g**2 + 2*g**3 - 6*g**2 + 6*g**2. Let t be 2*(-1 + 2)*-1. Calculate a(t).
-11
Let v(f) = -f - 94 - 89 + 2*f**2 - 3*f**2 + 190. Suppose n + 2 = -1. Give v(n).
1
Let f(q) = 2*q**2 + 2*q - 3. Let y(r) = r - 6 + 4*r - 7*r. Let t be y(-5). Suppose -2*j - 3 + 17 = -2*k, 22 = -2*k + t*j. What is f(k)?
9
Suppose g + 8 = -2*k - 1, 5*g = 3*k + 20. Let t(c) = 3 - g + c**2 - 4 + 5*c + 5. Let r = -4998 + 4995. Determine t(r).
-3
Let f(m) = -41*m + 31. Let t be f(10). Let q = t + 362. Let u(g) = g**3 + 16*g**2 - 18*g - 24. Determine u(q).
-7
Let o be (112/(-70))/(1 + (-2 - (-6)/10)). Let w(k) = -3*k**2 + k + 2. Let u(d) = -4*d**2 + 2*d + 3. Let c(y) = 4*u(y) - 5*w(y). Determine c(o).
-2
Let j(s) = -s**3 + 13*s**2 + 13*s + 7. Let r = 116 - 104. Let a be r/(-4) + -1 + 18. What is j(a)?
-7
Let q be 6/(-2) - (-4 + 6/(-1)). Suppose j - u + q = -3*u, -5*u - 24 = -4*j. Let y(g) = g - 4 + 3 + 0*g. Determine y(j).
0
Let s(n) = -4*n**3 + 3*n**2 - 2*n. Suppose -9 = -11*c + 14 - 12. Give s(c).
-3
Let i(z) = 2*z + 51. Let f be i(-22). Suppose -c - f = -n, 5*c - 4*n + 33 = 3. Let w(k) = -k + 1. Give w(c).
3
Suppose -2*i = -2*a + 18, -2*a - 2519*i = -2520*i - 16. Let y(d) = -2*d**3 + 13*d**2 + 8*d - 2. Calculate y(a).
5
Let d(w) = 18*w - 2*w**3 + 1 + 1 + 5*w**3 - 2*w**3 + 3296*w**2 - 3278*w**2. Determine d(-17).
-15
Let q(r) = -380*r + 754*r - 372*r + 11. What is q(-8)?
-5
Let q(y) = y**3 + 34*y**2 + 167*y - 33. Suppose 4936 - 3704 = -44*g. Give q(g).
-5
Suppose s = -q + 13, -q + s - 11 = -4*s. Suppose 14*f - 20 = q*f. Suppose 0 = 4*n + f - 12. Let l(t) = 2*t + 2. What is l(n)?
6
Let q(g) = -6*g**3 + 40*g**2 - 40*g + 40. Let h(j) = -j**3 + 8*j**2 - 7*j + 8. Let k(m) = 11*h(m) - 2*q(m). Determine k(-8).
-16
Let o(l) = -8*l + 41. Let m(v) = -5*v + 33. Let a(c) = 3*m(c) - 2*o(c). Let p(n) = -9*n. Let j be p(1). Calculate a(j).
8
Let v(d) = 2*d**2 + 12*d + 157. Let b(n) = n**2 + 7*n + 79. Let g(k) = -13*b(k) + 6*v(k). Give g(-